{"id":1235,"date":"2025-01-08T19:33:44","date_gmt":"2025-01-08T19:33:44","guid":{"rendered":"https:\/\/casaf.com.co\/?page_id=1235"},"modified":"2026-05-14T02:32:15","modified_gmt":"2026-05-14T02:32:15","slug":"fabricacion-de-tanques-y-equipos-en-poliester-reforzado-con-fibra-de-vidrio-prfv","status":"publish","type":"page","link":"https:\/\/casaf.com.co\/index.php\/fabricacion-de-tanques-y-equipos-en-poliester-reforzado-con-fibra-de-vidrio-prfv\/","title":{"rendered":"Fabricaci\u00f3n de Tanques y Equipos en Poli\u00e9ster Reforzado con Fibra de Vidrio (PRFV)"},"content":{"rendered":"\t\t<div data-elementor-type=\"wp-page\" data-elementor-id=\"1235\" class=\"elementor elementor-1235\">\n\t\t\t\t\t\t<section class=\"elementor-section elementor-top-section elementor-element elementor-element-c5b25d2 elementor-section-boxed elementor-section-height-default elementor-section-height-default\" data-id=\"c5b25d2\" data-element_type=\"section\">\n\t\t\t\t\t\t<div class=\"elementor-container elementor-column-gap-default\">\n\t\t\t\t\t<div class=\"elementor-column elementor-col-100 elementor-top-column elementor-element elementor-element-ad90e91\" data-id=\"ad90e91\" data-element_type=\"column\">\n\t\t\t<div class=\"elementor-widget-wrap elementor-element-populated\">\n\t\t\t\t\t\t<div class=\"elementor-element elementor-element-9a7921e elementor-widget elementor-widget-heading\" data-id=\"9a7921e\" data-element_type=\"widget\" data-widget_type=\"heading.default\">\n\t\t\t\t<div class=\"elementor-widget-container\">\n\t\t\t\t\t<h2 class=\"elementor-heading-title elementor-size-default\">SUMINISTROS <\/h2>\t\t\t\t<\/div>\n\t\t\t\t<\/div>\n\t\t\t\t\t<\/div>\n\t\t<\/div>\n\t\t\t\t\t<\/div>\n\t\t<\/section>\n\t\t\t\t<section class=\"elementor-section elementor-top-section elementor-element elementor-element-850d972 elementor-section-boxed elementor-section-height-default elementor-section-height-default\" data-id=\"850d972\" data-element_type=\"section\">\n\t\t\t\t\t\t<div class=\"elementor-container elementor-column-gap-default\">\n\t\t\t\t\t<div class=\"elementor-column elementor-col-100 elementor-top-column elementor-element elementor-element-73882f4\" data-id=\"73882f4\" data-element_type=\"column\">\n\t\t\t<div class=\"elementor-widget-wrap elementor-element-populated\">\n\t\t\t\t\t\t<div class=\"elementor-element elementor-element-281effb elementor-widget elementor-widget-text-editor\" data-id=\"281effb\" data-element_type=\"widget\" data-widget_type=\"text-editor.default\">\n\t\t\t\t<div class=\"elementor-widget-container\">\n\t\t\t\t\t\t\t\t\t<p>En Casaf Home, entendemos que la eficiencia de tu obra depende de la calidad del insumo. Por eso, nuestro cat\u00e1logo de suministro est\u00e1 seleccionado por expertos para garantizar durabilidad en proyectos de ingenier\u00eda,adecuaciones de oficina y locales.<\/p>\t\t\t\t\t\t\t\t<\/div>\n\t\t\t\t<\/div>\n\t\t\t\t\t<\/div>\n\t\t<\/div>\n\t\t\t\t\t<\/div>\n\t\t<\/section>\n\t\t\t\t<section class=\"elementor-section elementor-top-section elementor-element elementor-element-f1ca344 elementor-section-boxed elementor-section-height-default elementor-section-height-default\" data-id=\"f1ca344\" data-element_type=\"section\">\n\t\t\t\t\t\t<div class=\"elementor-container elementor-column-gap-default\">\n\t\t\t\t\t<div class=\"elementor-column elementor-col-50 elementor-top-column elementor-element elementor-element-05d6135\" data-id=\"05d6135\" data-element_type=\"column\">\n\t\t\t<div class=\"elementor-widget-wrap elementor-element-populated\">\n\t\t\t\t\t\t<div class=\"elementor-element elementor-element-6c6927f elementor-widget elementor-widget-heading\" data-id=\"6c6927f\" data-element_type=\"widget\" data-widget_type=\"heading.default\">\n\t\t\t\t<div class=\"elementor-widget-container\">\n\t\t\t\t\t<h2 class=\"elementor-heading-title elementor-size-default\">Obra Gris y Estructural:<\/h2>\t\t\t\t<\/div>\n\t\t\t\t<\/div>\n\t\t\t\t<div class=\"elementor-element elementor-element-fa7e9e0 elementor-widget elementor-widget-text-editor\" data-id=\"fa7e9e0\" data-element_type=\"widget\" data-widget_type=\"text-editor.default\">\n\t\t\t\t<div class=\"elementor-widget-container\">\n\t\t\t\t\t\t\t\t\t<p>Garantizamos la base de tu proyecto con materiales de alta resistencia. Desde bloques y cementos hasta componentes estructurales de precisi\u00f3n, ofrecemos el soporte t\u00e9cnico necesario para remodelaciones industriales y adecuaciones de oficina que exigen durabilidad y calidad desde el origen.<\/p>\t\t\t\t\t\t\t\t<\/div>\n\t\t\t\t<\/div>\n\t\t\t\t\t<\/div>\n\t\t<\/div>\n\t\t\t\t<div class=\"elementor-column elementor-col-50 elementor-top-column elementor-element elementor-element-2ab151b\" data-id=\"2ab151b\" data-element_type=\"column\">\n\t\t\t<div class=\"elementor-widget-wrap elementor-element-populated\">\n\t\t\t\t\t\t<div class=\"elementor-element elementor-element-46747ad elementor-widget elementor-widget-image\" data-id=\"46747ad\" data-element_type=\"widget\" data-widget_type=\"image.default\">\n\t\t\t\t<div class=\"elementor-widget-container\">\n\t\t\t\t\t\t\t\t\t\t\t\t\t\t\t<img fetchpriority=\"high\" decoding=\"async\" width=\"1024\" height=\"1024\" src=\"https:\/\/casaf.com.co\/wp-content\/uploads\/2026\/05\/f66bde4f-7874-4d49-adef-92d9227369c3.jpg\" class=\"attachment-large size-large wp-image-2028\" alt=\"\" srcset=\"https:\/\/casaf.com.co\/wp-content\/uploads\/2026\/05\/f66bde4f-7874-4d49-adef-92d9227369c3.jpg 1024w, https:\/\/casaf.com.co\/wp-content\/uploads\/2026\/05\/f66bde4f-7874-4d49-adef-92d9227369c3-300x300.jpg 300w, https:\/\/casaf.com.co\/wp-content\/uploads\/2026\/05\/f66bde4f-7874-4d49-adef-92d9227369c3-150x150.jpg 150w, https:\/\/casaf.com.co\/wp-content\/uploads\/2026\/05\/f66bde4f-7874-4d49-adef-92d9227369c3-768x768.jpg 768w, https:\/\/casaf.com.co\/wp-content\/uploads\/2026\/05\/f66bde4f-7874-4d49-adef-92d9227369c3-600x600.jpg 600w, https:\/\/casaf.com.co\/wp-content\/uploads\/2026\/05\/f66bde4f-7874-4d49-adef-92d9227369c3-100x100.jpg 100w\" sizes=\"(max-width: 1024px) 100vw, 1024px\" \/>\t\t\t\t\t\t\t\t\t\t\t\t\t\t\t<\/div>\n\t\t\t\t<\/div>\n\t\t\t\t<div class=\"elementor-element elementor-element-f86458c elementor-widget elementor-widget-spacer\" data-id=\"f86458c\" data-element_type=\"widget\" data-widget_type=\"spacer.default\">\n\t\t\t\t<div class=\"elementor-widget-container\">\n\t\t\t\t\t\t\t<div class=\"elementor-spacer\">\n\t\t\t<div class=\"elementor-spacer-inner\"><\/div>\n\t\t<\/div>\n\t\t\t\t\t\t<\/div>\n\t\t\t\t<\/div>\n\t\t\t\t\t<\/div>\n\t\t<\/div>\n\t\t\t\t\t<\/div>\n\t\t<\/section>\n\t\t\t\t<section class=\"elementor-section elementor-top-section elementor-element elementor-element-6d82192 elementor-section-boxed elementor-section-height-default elementor-section-height-default\" data-id=\"6d82192\" data-element_type=\"section\">\n\t\t\t\t\t\t<div class=\"elementor-container elementor-column-gap-default\">\n\t\t\t\t\t<div class=\"elementor-column elementor-col-50 elementor-top-column elementor-element elementor-element-ad470bf\" data-id=\"ad470bf\" data-element_type=\"column\">\n\t\t\t<div class=\"elementor-widget-wrap elementor-element-populated\">\n\t\t\t\t\t\t<div class=\"elementor-element elementor-element-c4db732 elementor-widget elementor-widget-heading\" data-id=\"c4db732\" data-element_type=\"widget\" data-widget_type=\"heading.default\">\n\t\t\t\t<div class=\"elementor-widget-container\">\n\t\t\t\t\t<h2 class=\"elementor-heading-title elementor-size-default\">Acabados y Grifer\u00eda:<\/h2>\t\t\t\t<\/div>\n\t\t\t\t<\/div>\n\t\t\t\t<div class=\"elementor-element elementor-element-28695f8 elementor-widget elementor-widget-text-editor\" data-id=\"28695f8\" data-element_type=\"widget\" data-widget_type=\"text-editor.default\">\n\t\t\t\t<div class=\"elementor-widget-container\">\n\t\t\t\t\t\t\t\t\t<p>Ofrecemos soluciones integrales en sanitarios, lavamanos y grifer\u00eda de alta gama que combinan dise\u00f1o vanguardista y eficiencia h\u00eddrica. Transformamos \u00e1reas comunes y privadas en entornos de lujo, garantizando acabados impecables que reflejan la excelencia de Casaf Home en cada detalle.<\/p>\t\t\t\t\t\t\t\t<\/div>\n\t\t\t\t<\/div>\n\t\t\t\t\t<\/div>\n\t\t<\/div>\n\t\t\t\t<div class=\"elementor-column elementor-col-50 elementor-top-column elementor-element elementor-element-db9e3fe\" data-id=\"db9e3fe\" data-element_type=\"column\">\n\t\t\t<div class=\"elementor-widget-wrap elementor-element-populated\">\n\t\t\t\t\t\t<div class=\"elementor-element elementor-element-3ffd2ec elementor-widget elementor-widget-image\" data-id=\"3ffd2ec\" data-element_type=\"widget\" data-widget_type=\"image.default\">\n\t\t\t\t<div class=\"elementor-widget-container\">\n\t\t\t\t\t\t\t\t\t\t\t\t\t\t\t<img decoding=\"async\" width=\"1024\" height=\"1024\" src=\"https:\/\/casaf.com.co\/wp-content\/uploads\/2026\/05\/unnamed.jpg\" class=\"attachment-large size-large wp-image-2034\" alt=\"\" srcset=\"https:\/\/casaf.com.co\/wp-content\/uploads\/2026\/05\/unnamed.jpg 1024w, https:\/\/casaf.com.co\/wp-content\/uploads\/2026\/05\/unnamed-300x300.jpg 300w, https:\/\/casaf.com.co\/wp-content\/uploads\/2026\/05\/unnamed-150x150.jpg 150w, https:\/\/casaf.com.co\/wp-content\/uploads\/2026\/05\/unnamed-768x768.jpg 768w, https:\/\/casaf.com.co\/wp-content\/uploads\/2026\/05\/unnamed-600x600.jpg 600w, https:\/\/casaf.com.co\/wp-content\/uploads\/2026\/05\/unnamed-100x100.jpg 100w\" sizes=\"(max-width: 1024px) 100vw, 1024px\" \/>\t\t\t\t\t\t\t\t\t\t\t\t\t\t\t<\/div>\n\t\t\t\t<\/div>\n\t\t\t\t<div class=\"elementor-element elementor-element-2755617 elementor-widget elementor-widget-spacer\" data-id=\"2755617\" data-element_type=\"widget\" data-widget_type=\"spacer.default\">\n\t\t\t\t<div class=\"elementor-widget-container\">\n\t\t\t\t\t\t\t<div class=\"elementor-spacer\">\n\t\t\t<div class=\"elementor-spacer-inner\"><\/div>\n\t\t<\/div>\n\t\t\t\t\t\t<\/div>\n\t\t\t\t<\/div>\n\t\t\t\t\t<\/div>\n\t\t<\/div>\n\t\t\t\t\t<\/div>\n\t\t<\/section>\n\t\t\t\t<section class=\"elementor-section elementor-top-section elementor-element elementor-element-658115f elementor-section-boxed elementor-section-height-default elementor-section-height-default\" data-id=\"658115f\" data-element_type=\"section\">\n\t\t\t\t\t\t<div class=\"elementor-container elementor-column-gap-default\">\n\t\t\t\t\t<div class=\"elementor-column elementor-col-50 elementor-top-column elementor-element elementor-element-c51b434\" data-id=\"c51b434\" data-element_type=\"column\">\n\t\t\t<div class=\"elementor-widget-wrap elementor-element-populated\">\n\t\t\t\t\t\t<div class=\"elementor-element elementor-element-d6cda48 elementor-widget elementor-widget-heading\" data-id=\"d6cda48\" data-element_type=\"widget\" data-widget_type=\"heading.default\">\n\t\t\t\t<div class=\"elementor-widget-container\">\n\t\t\t\t\t<h2 class=\"elementor-heading-title elementor-size-default\">Iluminaci\u00f3n, Madera y  Pisos:<\/h2>\t\t\t\t<\/div>\n\t\t\t\t<\/div>\n\t\t\t\t<div class=\"elementor-element elementor-element-b44e49b elementor-widget elementor-widget-text-editor\" data-id=\"b44e49b\" data-element_type=\"widget\" data-widget_type=\"text-editor.default\">\n\t\t\t\t<div class=\"elementor-widget-container\">\n\t\t\t\t\t\t\t\t\t<p>Crea atm\u00f3sferas \u00fanicas con nuestra l\u00ednea de Light &amp; Finishes. Disponemos de una amplia gama de soluciones de iluminaci\u00f3n t\u00e9cnica y decorativa, junto a una selecci\u00f3n exclusiva de pisos de madera y vin\u00edlicos dise\u00f1ados para resistir el alto tr\u00e1fico sin perder su elegancia. La combinaci\u00f3n perfecta entre calidez visual y durabilidad t\u00e9cnica para transformar cualquier entorno profesional o residencial.<\/p>\t\t\t\t\t\t\t\t<\/div>\n\t\t\t\t<\/div>\n\t\t\t\t\t<\/div>\n\t\t<\/div>\n\t\t\t\t<div class=\"elementor-column elementor-col-50 elementor-top-column elementor-element elementor-element-1325952\" data-id=\"1325952\" data-element_type=\"column\">\n\t\t\t<div class=\"elementor-widget-wrap elementor-element-populated\">\n\t\t\t\t\t\t<div class=\"elementor-element elementor-element-ef428bc elementor-widget elementor-widget-image\" data-id=\"ef428bc\" data-element_type=\"widget\" data-widget_type=\"image.default\">\n\t\t\t\t<div class=\"elementor-widget-container\">\n\t\t\t\t\t\t\t\t\t\t\t\t\t\t\t<img decoding=\"async\" width=\"1024\" height=\"1024\" src=\"https:\/\/casaf.com.co\/wp-content\/uploads\/2026\/05\/b0c3d9ab-a09f-4f79-8495-08f9bdaa30fd.jpg\" class=\"attachment-large size-large wp-image-2038\" alt=\"\" srcset=\"https:\/\/casaf.com.co\/wp-content\/uploads\/2026\/05\/b0c3d9ab-a09f-4f79-8495-08f9bdaa30fd.jpg 1024w, https:\/\/casaf.com.co\/wp-content\/uploads\/2026\/05\/b0c3d9ab-a09f-4f79-8495-08f9bdaa30fd-300x300.jpg 300w, https:\/\/casaf.com.co\/wp-content\/uploads\/2026\/05\/b0c3d9ab-a09f-4f79-8495-08f9bdaa30fd-150x150.jpg 150w, https:\/\/casaf.com.co\/wp-content\/uploads\/2026\/05\/b0c3d9ab-a09f-4f79-8495-08f9bdaa30fd-768x768.jpg 768w, https:\/\/casaf.com.co\/wp-content\/uploads\/2026\/05\/b0c3d9ab-a09f-4f79-8495-08f9bdaa30fd-600x600.jpg 600w, https:\/\/casaf.com.co\/wp-content\/uploads\/2026\/05\/b0c3d9ab-a09f-4f79-8495-08f9bdaa30fd-100x100.jpg 100w\" sizes=\"(max-width: 1024px) 100vw, 1024px\" \/>\t\t\t\t\t\t\t\t\t\t\t\t\t\t\t<\/div>\n\t\t\t\t<\/div>\n\t\t\t\t<div class=\"elementor-element elementor-element-0bfa845 elementor-widget elementor-widget-spacer\" data-id=\"0bfa845\" data-element_type=\"widget\" data-widget_type=\"spacer.default\">\n\t\t\t\t<div class=\"elementor-widget-container\">\n\t\t\t\t\t\t\t<div class=\"elementor-spacer\">\n\t\t\t<div class=\"elementor-spacer-inner\"><\/div>\n\t\t<\/div>\n\t\t\t\t\t\t<\/div>\n\t\t\t\t<\/div>\n\t\t\t\t\t<\/div>\n\t\t<\/div>\n\t\t\t\t\t<\/div>\n\t\t<\/section>\n\t\t\t\t<section class=\"elementor-section elementor-top-section elementor-element elementor-element-cb9a620 elementor-section-boxed elementor-section-height-default elementor-section-height-default\" data-id=\"cb9a620\" data-element_type=\"section\">\n\t\t\t\t\t\t<div class=\"elementor-container elementor-column-gap-default\">\n\t\t\t\t\t<div class=\"elementor-column elementor-col-100 elementor-top-column elementor-element elementor-element-f495cc1\" data-id=\"f495cc1\" data-element_type=\"column\">\n\t\t\t<div class=\"elementor-widget-wrap elementor-element-populated\">\n\t\t\t\t\t\t<div class=\"elementor-element elementor-element-c703adf elementor-widget elementor-widget-text-editor\" data-id=\"c703adf\" data-element_type=\"widget\" data-widget_type=\"text-editor.default\">\n\t\t\t\t<div class=\"elementor-widget-container\">\n\t\t\t\t\t\t\t\t\t<p>Impulsamos tu obra con suministros de precisi\u00f3n. Desde la resistencia de nuestra Obra Gris y Estructural de tu proyecto hasta la exclusividad en Acabados y Grifer\u00eda de alta gama. Finaliza tus espacios con la calidez de nuestra Iluminaci\u00f3n y Pisos de madera o vinilo. Calidad garantizada desde el origen para ambientes profesionales que perduran.<\/p>\t\t\t\t\t\t\t\t<\/div>\n\t\t\t\t<\/div>\n\t\t\t\t<div class=\"elementor-element elementor-element-70dd0f3 elementor-align-center elementor-widget elementor-widget-button\" data-id=\"70dd0f3\" data-element_type=\"widget\" data-widget_type=\"button.default\">\n\t\t\t\t<div class=\"elementor-widget-container\">\n\t\t\t\t\t\t\t\t\t<div class=\"elementor-button-wrapper\">\n\t\t\t\t\t<a class=\"elementor-button elementor-button-link elementor-size-sm elementor-animation-grow\" href=\"https:\/\/casaf.com.co\/index.php\/contact\/\">\n\t\t\t\t\t\t<span class=\"elementor-button-content-wrapper\">\n\t\t\t\t\t\t\t\t\t<span class=\"elementor-button-text\">\u00a1Inicia tu proyecto con expertos!<\/span>\n\t\t\t\t\t<\/span>\n\t\t\t\t\t<\/a>\n\t\t\t\t<\/div>\n\t\t\t\t\t\t\t\t<\/div>\n\t\t\t\t<\/div>\n\t\t\t\t\t<\/div>\n\t\t<\/div>\n\t\t\t\t\t<\/div>\n\t\t<\/section>\n\t\t\t\t<\/div>\n\t\t","protected":false},"excerpt":{"rendered":"<p>SUMINISTROS En Casaf Home, entendemos que la eficiencia de tu obra depende de la calidad del insumo. Por eso, nuestro cat\u00e1logo de suministro est\u00e1 seleccionado por expertos para garantizar durabilidad en proyectos de ingenier\u00eda,adecuaciones de oficina y locales. Obra Gris y Estructural: Garantizamos la base de tu proyecto con materiales de alta resistencia. Desde bloques &hellip;<\/p>\n<p class=\"read-more\"> <a class=\"\" href=\"https:\/\/casaf.com.co\/index.php\/fabricacion-de-tanques-y-equipos-en-poliester-reforzado-con-fibra-de-vidrio-prfv\/\"> <span class=\"screen-reader-text\">Fabricaci\u00f3n de Tanques y Equipos en Poli\u00e9ster Reforzado con Fibra de Vidrio (PRFV)<\/span> Leer m\u00e1s &raquo;<\/a><\/p>\n","protected":false},"author":1,"featured_media":0,"parent":0,"menu_order":0,"comment_status":"closed","ping_status":"closed","template":"","meta":{"om_disable_all_campaigns":false,"_monsterinsights_skip_tracking":false,"_monsterinsights_sitenote_active":false,"_monsterinsights_sitenote_note":"","_monsterinsights_sitenote_category":0,"site-sidebar-layout":"no-sidebar","site-content-layout":"page-builder","ast-main-header-display":"","ast-hfb-above-header-display":"","ast-hfb-below-header-display":"","ast-hfb-mobile-header-display":"","site-post-title":"disabled","ast-breadcrumbs-content":"","ast-featured-img":"disabled","footer-sml-layout":"","theme-transparent-header-meta":"","adv-header-id-meta":"","stick-header-meta":"","header-above-stick-meta":"","header-main-stick-meta":"","header-below-stick-meta":"","footnotes":""},"class_list":["post-1235","page","type-page","status-publish","hentry"],"aioseo_notices":[],"jetpack_sharing_enabled":true,"_links":{"self":[{"href":"https:\/\/casaf.com.co\/index.php\/wp-json\/wp\/v2\/pages\/1235","targetHints":{"allow":["GET"]}}],"collection":[{"href":"https:\/\/casaf.com.co\/index.php\/wp-json\/wp\/v2\/pages"}],"about":[{"href":"https:\/\/casaf.com.co\/index.php\/wp-json\/wp\/v2\/types\/page"}],"author":[{"embeddable":true,"href":"https:\/\/casaf.com.co\/index.php\/wp-json\/wp\/v2\/users\/1"}],"replies":[{"embeddable":true,"href":"https:\/\/casaf.com.co\/index.php\/wp-json\/wp\/v2\/comments?post=1235"}],"version-history":[{"count":40,"href":"https:\/\/casaf.com.co\/index.php\/wp-json\/wp\/v2\/pages\/1235\/revisions"}],"predecessor-version":[{"id":2254,"href":"https:\/\/casaf.com.co\/index.php\/wp-json\/wp\/v2\/pages\/1235\/revisions\/2254"}],"wp:attachment":[{"href":"https:\/\/casaf.com.co\/index.php\/wp-json\/wp\/v2\/media?parent=1235"}],"curies":[{"name":"wp","href":"https:\/\/api.w.org\/{rel}","templated":true}]}}