{"id":9,"date":"2018-11-26T12:46:44","date_gmt":"2018-11-26T12:46:44","guid":{"rendered":"https:\/\/casaf.com.co\/index.php\/projects\/"},"modified":"2026-05-14T14:16:55","modified_gmt":"2026-05-14T14:16:55","slug":"projects","status":"publish","type":"page","link":"https:\/\/casaf.com.co\/index.php\/projects\/","title":{"rendered":"Projects"},"content":{"rendered":"\t\t<div data-elementor-type=\"wp-post\" data-elementor-id=\"9\" class=\"elementor elementor-9\">\n\t\t\t\t\t\t<section class=\"elementor-section elementor-top-section elementor-element elementor-element-7d0b1fd elementor-section-content-middle elementor-section-boxed elementor-section-height-default elementor-section-height-default\" data-id=\"7d0b1fd\" data-element_type=\"section\" data-settings=\"{&quot;background_background&quot;:&quot;classic&quot;}\">\n\t\t\t\t\t\t\t<div class=\"elementor-background-overlay\"><\/div>\n\t\t\t\t\t\t\t<div class=\"elementor-container elementor-column-gap-no\">\n\t\t\t\t\t<div class=\"elementor-column elementor-col-100 elementor-top-column elementor-element elementor-element-2365ee4d\" data-id=\"2365ee4d\" data-element_type=\"column\">\n\t\t\t<div class=\"elementor-widget-wrap elementor-element-populated\">\n\t\t\t\t\t\t<div class=\"elementor-element elementor-element-3e363d46 elementor-widget elementor-widget-heading\" data-id=\"3e363d46\" data-element_type=\"widget\" data-widget_type=\"heading.default\">\n\t\t\t\t<div class=\"elementor-widget-container\">\n\t\t\t\t\t<h1 class=\"elementor-heading-title elementor-size-default\">Casaf Ingenier\u00eda <\/h1>\t\t\t\t<\/div>\n\t\t\t\t<\/div>\n\t\t\t\t<div class=\"elementor-element elementor-element-8d89267 elementor-widget elementor-widget-text-editor\" data-id=\"8d89267\" data-element_type=\"widget\" data-widget_type=\"text-editor.default\">\n\t\t\t\t<div class=\"elementor-widget-container\">\n\t\t\t\t\t\t\t\t\t<p>Construcci\u00f3n con visi\u00f3n, estructura y precisi\u00f3n:<\/p>\t\t\t\t\t\t\t\t<\/div>\n\t\t\t\t<\/div>\n\t\t\t\t\t<\/div>\n\t\t<\/div>\n\t\t\t\t\t<\/div>\n\t\t<\/section>\n\t\t\t\t<section class=\"elementor-section elementor-top-section elementor-element elementor-element-695b2b0f elementor-section-content-top elementor-section-boxed elementor-section-height-default elementor-section-height-default\" data-id=\"695b2b0f\" data-element_type=\"section\" data-settings=\"{&quot;background_background&quot;:&quot;classic&quot;}\">\n\t\t\t\t\t\t<div class=\"elementor-container elementor-column-gap-no\">\n\t\t\t\t\t<div class=\"elementor-column elementor-col-50 elementor-top-column elementor-element elementor-element-43d414b9\" data-id=\"43d414b9\" data-element_type=\"column\">\n\t\t\t<div class=\"elementor-widget-wrap elementor-element-populated\">\n\t\t\t\t\t\t<div class=\"elementor-element elementor-element-9c0621b elementor-widget elementor-widget-heading\" data-id=\"9c0621b\" data-element_type=\"widget\" data-widget_type=\"heading.default\">\n\t\t\t\t<div class=\"elementor-widget-container\">\n\t\t\t\t\t<h2 class=\"elementor-heading-title elementor-size-default\">PROYECTOS DE\nINGENER\u00cdA CIVIL\n<\/h2>\t\t\t\t<\/div>\n\t\t\t\t<\/div>\n\t\t\t\t<div class=\"elementor-element elementor-element-2999a38a elementor-widget elementor-widget-image\" data-id=\"2999a38a\" data-element_type=\"widget\" data-widget_type=\"image.default\">\n\t\t\t\t<div class=\"elementor-widget-container\">\n\t\t\t\t\t\t\t\t\t\t\t\t\t\t\t<img fetchpriority=\"high\" decoding=\"async\" width=\"687\" height=\"1024\" src=\"https:\/\/casaf.com.co\/wp-content\/uploads\/2026\/05\/4aed9917-a375-4ade-a4a8-a18b76242f90.jpg\" class=\"attachment-full size-full wp-image-2312\" alt=\"\" srcset=\"https:\/\/casaf.com.co\/wp-content\/uploads\/2026\/05\/4aed9917-a375-4ade-a4a8-a18b76242f90.jpg 687w, https:\/\/casaf.com.co\/wp-content\/uploads\/2026\/05\/4aed9917-a375-4ade-a4a8-a18b76242f90-201x300.jpg 201w, https:\/\/casaf.com.co\/wp-content\/uploads\/2026\/05\/4aed9917-a375-4ade-a4a8-a18b76242f90-600x894.jpg 600w\" sizes=\"(max-width: 687px) 100vw, 687px\" \/>\t\t\t\t\t\t\t\t\t\t\t\t\t\t\t<\/div>\n\t\t\t\t<\/div>\n\t\t\t\t<div class=\"elementor-element elementor-element-2922c6da elementor-widget__width-initial elementor-widget elementor-widget-text-editor\" data-id=\"2922c6da\" data-element_type=\"widget\" data-widget_type=\"text-editor.default\">\n\t\t\t\t<div class=\"elementor-widget-container\">\n\t\t\t\t\t\t\t\t\t<p><strong><span style=\"color: #be9f79;\">1. Planificaci\u00f3n del proyecto: <\/span><\/strong>Definici\u00f3n de alcance, objetivos y entregables\u00a0Elaboraci\u00f3n de cronogramas (Gantt, ruta cr\u00edtica con CPM\/PERT)\u00a0Estimaci\u00f3n de recursos: materiales, mano de obra, equipos.<\/p>\t\t\t\t\t\t\t\t<\/div>\n\t\t\t\t<\/div>\n\t\t\t\t\t<\/div>\n\t\t<\/div>\n\t\t\t\t<div class=\"elementor-column elementor-col-50 elementor-top-column elementor-element elementor-element-479f1207\" data-id=\"479f1207\" data-element_type=\"column\">\n\t\t\t<div class=\"elementor-widget-wrap elementor-element-populated\">\n\t\t\t\t\t\t<div class=\"elementor-element elementor-element-1c138690 elementor-widget elementor-widget-image\" data-id=\"1c138690\" data-element_type=\"widget\" data-widget_type=\"image.default\">\n\t\t\t\t<div class=\"elementor-widget-container\">\n\t\t\t\t\t\t\t\t\t\t\t\t\t\t\t<img decoding=\"async\" width=\"682\" height=\"1024\" src=\"https:\/\/casaf.com.co\/wp-content\/uploads\/2026\/05\/planeacion-682x1024.png\" class=\"attachment-large size-large wp-image-1812\" alt=\"\" srcset=\"https:\/\/casaf.com.co\/wp-content\/uploads\/2026\/05\/planeacion-682x1024.png 682w, https:\/\/casaf.com.co\/wp-content\/uploads\/2026\/05\/planeacion-200x300.png 200w, https:\/\/casaf.com.co\/wp-content\/uploads\/2026\/05\/planeacion-768x1154.png 768w, https:\/\/casaf.com.co\/wp-content\/uploads\/2026\/05\/planeacion-600x901.png 600w, https:\/\/casaf.com.co\/wp-content\/uploads\/2026\/05\/planeacion.png 1023w\" sizes=\"(max-width: 682px) 100vw, 682px\" \/>\t\t\t\t\t\t\t\t\t\t\t\t\t\t\t<\/div>\n\t\t\t\t<\/div>\n\t\t\t\t<div class=\"elementor-element elementor-element-9e5d84a elementor-widget elementor-widget-heading\" data-id=\"9e5d84a\" data-element_type=\"widget\" data-widget_type=\"heading.default\">\n\t\t\t\t<div class=\"elementor-widget-container\">\n\t\t\t\t\t<h2 class=\"elementor-heading-title elementor-size-default\">PLANEACI\u00d3N Y\nGESTI\u00d3N T\u00c9CNICA<\/h2>\t\t\t\t<\/div>\n\t\t\t\t<\/div>\n\t\t\t\t<div class=\"elementor-element elementor-element-61fbbb60 elementor-widget elementor-widget-text-editor\" data-id=\"61fbbb60\" data-element_type=\"widget\" data-widget_type=\"text-editor.default\">\n\t\t\t\t<div class=\"elementor-widget-container\">\n\t\t\t\t\t\t\t\t\t<ul><li>Supervisi\u00f3n de procesos constructivos<\/li><li>Control de calidad de materiales y m\u00e9todos<\/li><li>Cumplimiento de especificaciones t\u00e9cnicas y normativas<\/li><\/ul>\t\t\t\t\t\t\t\t<\/div>\n\t\t\t\t<\/div>\n\t\t\t\t\t<\/div>\n\t\t<\/div>\n\t\t\t\t\t<\/div>\n\t\t<\/section>\n\t\t\t\t<section class=\"elementor-section elementor-top-section elementor-element elementor-element-5765c148 elementor-section-content-top elementor-section-boxed elementor-section-height-default elementor-section-height-default\" data-id=\"5765c148\" data-element_type=\"section\" data-settings=\"{&quot;background_background&quot;:&quot;classic&quot;}\">\n\t\t\t\t\t\t<div class=\"elementor-container elementor-column-gap-no\">\n\t\t\t\t\t<div class=\"elementor-column elementor-col-50 elementor-top-column elementor-element elementor-element-52d4d70b\" data-id=\"52d4d70b\" data-element_type=\"column\">\n\t\t\t<div class=\"elementor-widget-wrap elementor-element-populated\">\n\t\t\t\t\t\t<div class=\"elementor-element elementor-element-6a4ef52a elementor-widget elementor-widget-image\" data-id=\"6a4ef52a\" data-element_type=\"widget\" data-widget_type=\"image.default\">\n\t\t\t\t<div class=\"elementor-widget-container\">\n\t\t\t\t\t\t\t\t\t\t\t\t\t\t\t<img decoding=\"async\" width=\"765\" height=\"1024\" src=\"https:\/\/casaf.com.co\/wp-content\/uploads\/2026\/05\/9129fec6-1f12-4771-a370-5b7b10e19e25.jpg\" class=\"attachment-full size-full wp-image-2318\" alt=\"\" srcset=\"https:\/\/casaf.com.co\/wp-content\/uploads\/2026\/05\/9129fec6-1f12-4771-a370-5b7b10e19e25.jpg 765w, https:\/\/casaf.com.co\/wp-content\/uploads\/2026\/05\/9129fec6-1f12-4771-a370-5b7b10e19e25-224x300.jpg 224w, https:\/\/casaf.com.co\/wp-content\/uploads\/2026\/05\/9129fec6-1f12-4771-a370-5b7b10e19e25-600x803.jpg 600w\" sizes=\"(max-width: 765px) 100vw, 765px\" \/>\t\t\t\t\t\t\t\t\t\t\t\t\t\t\t<\/div>\n\t\t\t\t<\/div>\n\t\t\t\t<div class=\"elementor-element elementor-element-030f68d elementor-widget elementor-widget-heading\" data-id=\"030f68d\" data-element_type=\"widget\" data-widget_type=\"heading.default\">\n\t\t\t\t<div class=\"elementor-widget-container\">\n\t\t\t\t\t<h2 class=\"elementor-heading-title elementor-size-default\">SUPERVISI\u00d3N DE\nOBRA<\/h2>\t\t\t\t<\/div>\n\t\t\t\t<\/div>\n\t\t\t\t<div class=\"elementor-element elementor-element-cf4ffec elementor-widget elementor-widget-text-editor\" data-id=\"cf4ffec\" data-element_type=\"widget\" data-widget_type=\"text-editor.default\">\n\t\t\t\t<div class=\"elementor-widget-container\">\n\t\t\t\t\t\t\t\t\t<ul><li class=\"font-claude-response-body whitespace-normal break-words pl-2\">Indicadores de avance f\u00edsico y financiero<\/li><li class=\"font-claude-response-body whitespace-normal break-words pl-2\">Informes de interventor\u00eda<\/li><li class=\"font-claude-response-body whitespace-normal break-words pl-2\">Indicadores de avance f\u00edsico y financiero<\/li><li class=\"font-claude-response-body whitespace-normal break-words pl-2\">Informes de interventor\u00eda<\/li><li class=\"font-claude-response-body whitespace-normal break-words pl-2\">Verificar que la secuencia constructiva sea correcta<\/li><li class=\"font-claude-response-body whitespace-normal break-words pl-2\">Autorizar vaciados de concreto solo tras inspecci\u00f3n de formaleta y refuerzo<\/li><li class=\"font-claude-response-body whitespace-normal break-words pl-2\">Controlar niveles, alineaciones y geometr\u00eda con topograf\u00eda<\/li><li class=\"font-claude-response-body whitespace-normal break-words pl-2\">Vigilar procedimientos de excavaci\u00f3n, relleno, compactaci\u00f3n<\/li><\/ul>\t\t\t\t\t\t\t\t<\/div>\n\t\t\t\t<\/div>\n\t\t\t\t\t<\/div>\n\t\t<\/div>\n\t\t\t\t<div class=\"elementor-column elementor-col-50 elementor-top-column elementor-element elementor-element-508673ec\" data-id=\"508673ec\" data-element_type=\"column\">\n\t\t\t<div class=\"elementor-widget-wrap elementor-element-populated\">\n\t\t\t\t\t\t<div class=\"elementor-element elementor-element-5a9c6e27 elementor-widget elementor-widget-image\" data-id=\"5a9c6e27\" data-element_type=\"widget\" data-widget_type=\"image.default\">\n\t\t\t\t<div class=\"elementor-widget-container\">\n\t\t\t\t\t\t\t\t\t\t\t\t\t\t\t<img loading=\"lazy\" decoding=\"async\" width=\"1023\" height=\"1537\" src=\"https:\/\/casaf.com.co\/wp-content\/uploads\/2026\/05\/pintura.png\" class=\"attachment-full size-full wp-image-1817\" alt=\"\" srcset=\"https:\/\/casaf.com.co\/wp-content\/uploads\/2026\/05\/pintura.png 1023w, https:\/\/casaf.com.co\/wp-content\/uploads\/2026\/05\/pintura-200x300.png 200w, https:\/\/casaf.com.co\/wp-content\/uploads\/2026\/05\/pintura-682x1024.png 682w, https:\/\/casaf.com.co\/wp-content\/uploads\/2026\/05\/pintura-768x1154.png 768w, https:\/\/casaf.com.co\/wp-content\/uploads\/2026\/05\/pintura-600x901.png 600w\" sizes=\"(max-width: 1023px) 100vw, 1023px\" \/>\t\t\t\t\t\t\t\t\t\t\t\t\t\t\t<\/div>\n\t\t\t\t<\/div>\n\t\t\t\t<div class=\"elementor-element elementor-element-39f42b3 elementor-widget elementor-widget-heading\" data-id=\"39f42b3\" data-element_type=\"widget\" data-widget_type=\"heading.default\">\n\t\t\t\t<div class=\"elementor-widget-container\">\n\t\t\t\t\t<h2 class=\"elementor-heading-title elementor-size-default\">Impermeabilizaciones y Restauraci\u00f3n de Fachadas<\/h2>\t\t\t\t<\/div>\n\t\t\t\t<\/div>\n\t\t\t\t<div class=\"elementor-element elementor-element-3d74166f elementor-widget elementor-widget-text-editor\" data-id=\"3d74166f\" data-element_type=\"widget\" data-widget_type=\"text-editor.default\">\n\t\t\t\t<div class=\"elementor-widget-container\">\n\t\t\t\t\t\t\t\t\t<ul><li>Verificar que la superficie est\u00e9 <strong><span style=\"color: #be9f79;\">limpia, seca y libre de polvo, grasa o eflorescencias<\/span><\/strong> antes de aplicar cualquier producto impermeabilizante o recubrimiento<\/li><li>Confirmar que el <span style=\"color: #be9f79;\"><strong>preparado de la mezcla<\/strong><\/span> (impermeabilizante, mortero o sellante) cumpla la dosificaci\u00f3n indicada por el fabricante en ficha t\u00e9cnica<\/li><li>Supervisar el <span style=\"color: #be9f79;\"><strong>n\u00famero de capas aplicadas<\/strong> <\/span>y los tiempos de secado entre cada una, seg\u00fan especificaciones del producto<\/li><li>Verificar que las<span style=\"color: #be9f79;\"> <strong>juntas, fisuras y puntos cr\u00edticos<\/strong><\/span> (esquinas, encuentros muro-losa, marcos de ventana) hayan recibido tratamiento previo con malla, masilla o sellante antes del recubrimiento general<\/li><li>Comprobar mediante <span style=\"color: #be9f79;\"><strong>prueba de escorrent\u00eda o impermeabilidad<\/strong><\/span> (encharcamiento o lluvia simulada) que el sistema aplicado no presenta filtraciones antes de dar por aceptado el trabajo<\/li><\/ul>\t\t\t\t\t\t\t\t<\/div>\n\t\t\t\t<\/div>\n\t\t\t\t\t<\/div>\n\t\t<\/div>\n\t\t\t\t\t<\/div>\n\t\t<\/section>\n\t\t\t\t<section class=\"elementor-section elementor-top-section elementor-element elementor-element-424aa8f8 elementor-section-boxed elementor-section-height-default elementor-section-height-default\" data-id=\"424aa8f8\" data-element_type=\"section\" data-settings=\"{&quot;background_background&quot;:&quot;classic&quot;}\">\n\t\t\t\t\t\t<div class=\"elementor-container elementor-column-gap-default\">\n\t\t\t\t\t<div class=\"elementor-column elementor-col-25 elementor-top-column elementor-element elementor-element-47dc678\" data-id=\"47dc678\" data-element_type=\"column\">\n\t\t\t<div class=\"elementor-widget-wrap\">\n\t\t\t\t\t\t\t<\/div>\n\t\t<\/div>\n\t\t\t\t<div class=\"elementor-column elementor-col-25 elementor-top-column elementor-element elementor-element-404eac3f\" data-id=\"404eac3f\" data-element_type=\"column\">\n\t\t\t<div class=\"elementor-widget-wrap elementor-element-populated\">\n\t\t\t\t\t\t<div class=\"elementor-element elementor-element-34975a22 elementor-widget elementor-widget-heading\" data-id=\"34975a22\" data-element_type=\"widget\" data-widget_type=\"heading.default\">\n\t\t\t\t<div class=\"elementor-widget-container\">\n\t\t\t\t\t<h3 class=\"elementor-heading-title elementor-size-default\">Somos un equipo de profesionales con experiencia en dise\u00f1o, ingenier\u00eda y comercio, unidos por una visi\u00f3n com\u00fan: hacer accesible la transformaci\u00f3n de espacios en Colombia<\/h3>\t\t\t\t<\/div>\n\t\t\t\t<\/div>\n\t\t\t\t\t<\/div>\n\t\t<\/div>\n\t\t\t\t<div class=\"elementor-column elementor-col-25 elementor-top-column elementor-element elementor-element-70e92261\" data-id=\"70e92261\" data-element_type=\"column\">\n\t\t\t<div class=\"elementor-widget-wrap elementor-element-populated\">\n\t\t\t\t\t\t<div class=\"elementor-element elementor-element-78818cc6 elementor-align-center elementor-widget elementor-widget-button\" data-id=\"78818cc6\" data-element_type=\"widget\" data-widget_type=\"button.default\">\n\t\t\t\t<div class=\"elementor-widget-container\">\n\t\t\t\t\t\t\t\t\t<div class=\"elementor-button-wrapper\">\n\t\t\t\t\t<a class=\"elementor-button elementor-button-link elementor-size-sm elementor-animation-grow\" href=\"https:\/\/casaf.com.co\/index.php\/contact\/\">\n\t\t\t\t\t\t<span class=\"elementor-button-content-wrapper\">\n\t\t\t\t\t\t\t\t\t<span class=\"elementor-button-text\">Cont\u00e1ctanos<\/span>\n\t\t\t\t\t<\/span>\n\t\t\t\t\t<\/a>\n\t\t\t\t<\/div>\n\t\t\t\t\t\t\t\t<\/div>\n\t\t\t\t<\/div>\n\t\t\t\t\t<\/div>\n\t\t<\/div>\n\t\t\t\t<div class=\"elementor-column elementor-col-25 elementor-top-column elementor-element elementor-element-32df6e90\" data-id=\"32df6e90\" data-element_type=\"column\">\n\t\t\t<div class=\"elementor-widget-wrap\">\n\t\t\t\t\t\t\t<\/div>\n\t\t<\/div>\n\t\t\t\t\t<\/div>\n\t\t<\/section>\n\t\t\t\t<\/div>\n\t\t","protected":false},"excerpt":{"rendered":"<p>Casaf Ingenier\u00eda Construcci\u00f3n con visi\u00f3n, estructura y precisi\u00f3n: PROYECTOS DE INGENER\u00cdA CIVIL 1. Planificaci\u00f3n del proyecto: Definici\u00f3n de alcance, objetivos y entregables\u00a0Elaboraci\u00f3n de cronogramas (Gantt, ruta cr\u00edtica con CPM\/PERT)\u00a0Estimaci\u00f3n de recursos: materiales, mano de obra, equipos. PLANEACI\u00d3N Y GESTI\u00d3N T\u00c9CNICA Supervisi\u00f3n de procesos constructivos Control de calidad de materiales y m\u00e9todos Cumplimiento de especificaciones t\u00e9cnicas &hellip;<\/p>\n<p class=\"read-more\"> <a class=\"\" href=\"https:\/\/casaf.com.co\/index.php\/projects\/\"> <span class=\"screen-reader-text\">Projects<\/span> Leer m\u00e1s &raquo;<\/a><\/p>\n","protected":false},"author":1,"featured_media":0,"parent":0,"menu_order":0,"comment_status":"closed","ping_status":"closed","template":"","meta":{"om_disable_all_campaigns":false,"_monsterinsights_skip_tracking":false,"_monsterinsights_sitenote_active":false,"_monsterinsights_sitenote_note":"","_monsterinsights_sitenote_category":0,"site-sidebar-layout":"no-sidebar","site-content-layout":"page-builder","ast-main-header-display":"","ast-hfb-above-header-display":"","ast-hfb-below-header-display":"","ast-hfb-mobile-header-display":"","site-post-title":"disabled","ast-breadcrumbs-content":"","ast-featured-img":"disabled","footer-sml-layout":"","theme-transparent-header-meta":"enabled","adv-header-id-meta":"","stick-header-meta":"","header-above-stick-meta":"","header-main-stick-meta":"","header-below-stick-meta":"","footnotes":""},"class_list":["post-9","page","type-page","status-publish","hentry"],"aioseo_notices":[],"jetpack_sharing_enabled":true,"_links":{"self":[{"href":"https:\/\/casaf.com.co\/index.php\/wp-json\/wp\/v2\/pages\/9","targetHints":{"allow":["GET"]}}],"collection":[{"href":"https:\/\/casaf.com.co\/index.php\/wp-json\/wp\/v2\/pages"}],"about":[{"href":"https:\/\/casaf.com.co\/index.php\/wp-json\/wp\/v2\/types\/page"}],"author":[{"embeddable":true,"href":"https:\/\/casaf.com.co\/index.php\/wp-json\/wp\/v2\/users\/1"}],"replies":[{"embeddable":true,"href":"https:\/\/casaf.com.co\/index.php\/wp-json\/wp\/v2\/comments?post=9"}],"version-history":[{"count":60,"href":"https:\/\/casaf.com.co\/index.php\/wp-json\/wp\/v2\/pages\/9\/revisions"}],"predecessor-version":[{"id":2348,"href":"https:\/\/casaf.com.co\/index.php\/wp-json\/wp\/v2\/pages\/9\/revisions\/2348"}],"wp:attachment":[{"href":"https:\/\/casaf.com.co\/index.php\/wp-json\/wp\/v2\/media?parent=9"}],"curies":[{"name":"wp","href":"https:\/\/api.w.org\/{rel}","templated":true}]}}